6 = -3*g + 2*l, -g = g - l + 45. Let w be (117/(-12))/(9/g). Suppose -5*k + 71 = 2*q, k + 90 = 3*q + w. List the prime factors of q.
23
Suppose 5*o - 2*c + 30 = 0, 0 = o + 2*c - 4*c + 6. List the prime factors of (-171)/o + 12/(-8).
3
Let n be 190/70 - (-4)/14. Suppose -4*r + 7*v - n*v - 4 = 0, 5*v - 5 = r. Suppose -4*x + r*x = -204. List the prime factors of x.
3, 17
Suppose -o + 3*o - 4 = 0. Let h(z) = -o + 2 - 2 + 50*z + 3. List the prime factors of h(1).
3, 17
Let a be (6/16)/((-11)/(-44))*-20. List the prime factors of (-2)/((3/a)/1).
2, 5
Let k = 86 - 40. Suppose p + 4*w = -12, 4*p + 5*w - 9 = -k. Let r(m) = m**2 + 3*m - 5. What are the prime factors of r(p)?
5, 7
Suppose 0 = s - i - 7, 2*s = i + 9. Suppose s*j + 205 = 7*j. Let v = j + -19. List the prime factors of v.
2, 11
Suppose n = 2*k - 419, 5*k = k + 5*n + 823. List the prime factors of k.
2, 53
Let t(d) be the second derivative of 15*d**4/4 + d**2/2 + 12*d. What are the prime factors of t(-1)?
2, 23
Suppose -3*r = -255 - 165. Let g = r - 88. What are the prime factors of g?
2, 13
Suppose -61 = -5*z + 99. Suppose 2*l = -4*k - z, 11 + 35 = -5*k - 4*l. List the prime factors of 50/8 + k/(-8).
7
Suppose 38*z - 11040 = 32*z. What are the prime factors of z?
2, 5, 23
Let l = 154 + -134. Suppose 17*h = l*h - 570. List the prime factors of h.
2, 5, 19
Let j(i) = i**3 + 4*i**2 - i - 3. Let k(b) = b**2 + 3*b - 3. Let d be k(-6). Suppose -5*y = -0*y + d. What are the prime factors of j(y)?
3
Let p(r) = -r**2 + 3*r + 0*r - 7 - 2*r + 6*r. Let w be p(5). List the prime factors of 7/w + 34/51.
3
Let f = 10 - 11. Let p(d) = 0*d + 4*d**2 + 4*d**2 + d - 2*d. What are the prime factors of p(f)?
3
Let y(v) = -v**2 + 2. Let u be y(0). Suppose 3*r = -2*t + 19, -r + t - u = -0. Suppose -r*z + 44 = -133. List the prime factors of z.
59
Suppose x - 3 - 1 = 0. Suppose 4*c = -3*v + 23, 4*v = -0*v + x*c + 12. Let d(b) = b**3 - 4*b**2 - 4*b + 7. List the prime factors of d(v).
2, 3
Let m = 187 + 1778. List the prime factors of m.
3, 5, 131
Suppose -r + 5427 = 10*s - 7*s, -3*s + 2*r + 5427 = 0. List the prime factors of s.
3, 67
Let t = 4 - -2. Suppose -n + t = 4. Suppose 3*w - 3*a - 81 = 0, -n*a - 88 = -3*w - 9. List the prime factors of w.
5
Let c be (-6)/(-3) + (1 - 1). Let t(p) = 7*p + 1. Let b be t(c). Suppose 49 - 155 = -5*r - 3*m, 0 = -5*m - b. What are the prime factors of r?
23
Let d = -1975 - -2646. List the prime factors of d.
11, 61
Suppose 0 = 11*y - 9*y + 70. Let w = 76 + y. What are the prime factors of w?
41
Suppose r - 3*r + 4300 = 4*w, -4*w = 5*r - 4300. What are the prime factors of w?
5, 43
Let r(v) = 26*v + 12. Let a be r(-6). Let u be ((-2)/(-9))/((-16)/a). Suppose u*t - 34 = 90. What are the prime factors of t?
2, 31
Suppose 3*y = -3*p + 8*y + 1088, 0 = 3*p - 3*y - 1080. What are the prime factors of p?
2, 89
Let h = -66 - -270. What are the prime factors of h?
2, 3, 17
Suppose -21*x + 26*x = 4715. What are the prime factors of x?
23, 41
Suppose -1 - 5 = -6*o. Let z(n) = o + 7*n - 6 + n. What are the prime factors of z(2)?
11
Suppose 43*f + 1426 = 44*f. What are the prime factors of f?
2, 23, 31
Let t be (-40)/3 + 10/(-15). Let g be (-4)/14 + 108/t. Let d = g + 27. List the prime factors of d.
19
Let g = 4 - -5. Suppose -g*h = -4*h - 220. Suppose 2*f - 4 = 4*v, 4*f + v = -0*f + h. What are the prime factors of f?
2, 5
Suppose -4*q - 4*i = -1 + 5, 5*q + i + 5 = 0. Let j be (q/2)/((-6)/(-84)). List the prime factors of (-6)/(-42) - 209/j.
2, 3, 5
Let i = 89 + -102. Let l(r) = -11*r - 43. List the prime factors of l(i).
2, 5
Let d be 2 + 1 + 1 + 7. Let g(f) = -f**2 + 20*f - 21. What are the prime factors of g(d)?
2, 3, 13
Let c be (-2)/4*1450/(-8 + 3). Let o = 80 + c. What are the prime factors of o?
3, 5
Suppose -25*a + 20*a = z - 1346, 0 = 3*z + 3*a - 3990. What are the prime factors of z?
2, 3, 13, 17
Let m(r) = 34*r**2 + 6*r - 25. List the prime factors of m(5).
3, 5, 19
Let t(b) = 0*b - 11*b**2 + 2 - 13*b - b**3 + 0 - 3*b. What are the prime factors of t(-10)?
2, 31
Let o(w) = w**2 - 6*w - 9. Let z be 15/2 + 2/(-4). Let x be o(z). List the prime factors of 2 - 1*(x - 15).
19
Let v(s) = -s**3 - s**2 + 5*s - 3. Let q be v(2). Let y(w) = -39*w + 13. List the prime factors of y(q).
2, 13
Let z = -281 + 473. Suppose 0 = -m + 7*m - z. Let y = 21 + m. What are the prime factors of y?
53
Suppose 3*u + z = 872, -4*u + z + 3*z + 1184 = 0. Suppose 4*s - u = 380. Suppose -o - 3*o = -s. List the prime factors of o.
2, 3, 7
Let f(j) = 28*j - 2. Let v(q) = 29*q - 2. Let h(a) = -6*f(a) + 7*v(a). What are the prime factors of h(2)?
2, 17
Suppose -4*n - 1175 = -5*b + n, -2*b = 2*n - 466. Suppose -b + 16 = -2*m. List the prime factors of m.
109
Let q(s) be the first derivative of 1/2*s**2 + 1/3*s**3 + 7 + 42*s. List the prime factors of q(0).
2, 3, 7
Let d be (12/(-16))/(1/(-44)). Suppose -d = -5*w + 132. List the prime factors of w.
3, 11
Let d(h) = -h**2 - 1. Let g be d(3). Let j = g - -15. Suppose 0 = -j*r + 3*a + 128, 5*r + a - 120 = -4*a. What are the prime factors of r?
5
Suppose 5*f - 5*d - 20 = 10, 7 = f - 2*d. Suppose 2*g = f*g - 159. List the prime factors of g.
53
Let y = 1023 + -957. List the prime factors of y.
2, 3, 11
Let q = 15 + -16. Let c = q + 6. Suppose 5*r - c*m = 40 + 315, 2*m = 3*r - 211. List the prime factors of r.
3, 23
Let v be (-280)/(-4)*12/(-10). Let u be 1186/9 + (-8)/(-36) + -4. Let x = v + u. What are the prime factors of x?
2, 11
Let a(m) = -6*m + 9 + 4*m - m**2 - 5*m. Let b be a(-9). List the prime factors of b/(-15) - 52/(-5).
11
Suppose -6852 = -17*f + 2158. List the prime factors of f.
2, 5, 53
Suppose 28456 = 112*m - 104*m. What are the prime factors of m?
3557
Let d(w) = -17*w + 41. Let m be d(6). Let j(y) = y**3 - 4*y**2 - y - 6. Let l be j(5). What are the prime factors of (-7)/l + m/(-2)?
2, 3, 5
Suppose -2539 = -2*c + 8589. What are the prime factors of c?
2, 13, 107
Let r(p) = -p**3 + 14*p**2 - 2*p + 1105 - 3*p**2 - 1113 + 4*p. List the prime factors of r(10).
2, 7
Let t(a) = a**2 + 16*a - 9. Let s be t(-17). What are the prime factors of (4/6)/(s/1164)?
97
Let p = -656 + 679. Let w be 1*(0 + (-1 - -26)). Let h = w - p. List the prime factors of h.
2
Let x be (3/(-2))/((-3)/28). Suppose 13 = c - x. List the prime factors of c.
3
Let s(v) = v**2 - 13*v + 12. List the prime factors of s(-8).
2, 3, 5
What are the prime factors of 1*(-188)/12*-153?
3, 17, 47
Suppose 5*h - 3 = -18, -2*p = 5*h + 7. Suppose 2 - 45 = -4*a + o, p*a - 52 = 4*o. List the prime factors of a.
2, 5
Suppose 4*w - 2236 = l, -2*l - 194 = -2*w + 930. List the prime factors of w.
2, 3, 31
Let s be (-1 - (-3 - -22))*1/(-4). Suppose -2*z + 49 = 3*m, -4*z - 4*m = -s*z + 19. List the prime factors of z.
23
Suppose -22*f - 80124 = -55*f. List the prime factors of f.
2, 607
Let s be (-20)/6*126/(-35). Suppose -s = -i - 2*i. Suppose 0*j - 2*u - 46 = -4*j, -u = i*j - 31. List the prime factors of j.
3
Suppose -2*h + 261 = -4*q - 369, -3*q - 942 = -3*h. List the prime factors of h.
313
Let l = -114 + 3053. List the prime factors of l.
2939
Suppose 0 = 20*l - 7*l - 9620. Suppose 5*s + 5*f = 2*f + l, 0 = -5*s + 3*f + 740. What are the prime factors of s?
2, 37
List the prime factors of (-1)/(20/(-11936)) - (-1)/5.
3, 199
Let d(b) = b**2 + 22*b + 23. What are the prime factors of d(17)?
2, 7
Suppose 0 = 3*m + 4*g - 39, 2*g - 65 = -5*m + 3*g. Let y(n) = -3 + n - 3 + 0*n + 0. List the prime factors of y(m).
7
List the prime factors of (-2055)/(-35) - (-6)/21 - 3.
2, 7
Suppose u = -4*d + 13, 3*d = -2*u - 2*u + 26. Suppose 0*b - b = -5*r - 16, -5*b = u*r - 50. Let m = 35 - b. List the prime factors of m.
2, 3
Let j(a) = -139*a + 306. List the prime factors of j(-6).
2, 3, 5, 19
Let w(j) = -3*j + 6. Let r be w(6). Let b = 207 - 201. What are the prime factors of 486/r*b/(-9)?
3
Let x(k) = -k**3 - 7*k**2 + 8*k + 12. Let w be x(-8). Suppose 4*z + w = 2*z. List the prime factors of (-1 - z)*208/40.
2, 13
Suppose 2*d - 3*d = -t - 168, -2*d = 4*t - 306. List the prime factors of d.
163
Let l = 256 + 67. What are the prime factors of l?
17, 19
Let n(j) = -15*j**2 - 13 + 21*j + 4*j**2 + 10*j**2. List the prime factors of n(14).
5, 17
Let i = 633 - 246. Suppose 4*o + 3*l = i, -l + 385 = 2*o + 2*o. List the prime f